{"id":9,"date":"2022-08-08T15:03:46","date_gmt":"2022-08-08T13:03:46","guid":{"rendered":"http:\/\/muzeummuzyczne.pl\/?page_id=9"},"modified":"2023-03-31T11:38:29","modified_gmt":"2023-03-31T09:38:29","slug":"nowe-muzeum-sztuki-nowoczesnej-otwarlo-swoje-powoje","status":"publish","type":"page","link":"http:\/\/muzeummuzyczne.pl\/","title":{"rendered":"Fundacja  &#8220;Muzeum Muzyczne w Radomiu&#8221;"},"content":{"rendered":"\n<div class=\"wp-block-group has-primary-color has-text-color\"><div class=\"wp-block-group__inner-container is-layout-constrained wp-block-group-is-layout-constrained\">\n<div class=\"wp-block-buttons is-content-justification-center is-layout-flex wp-container-core-buttons-is-layout-16018d1d wp-block-buttons-is-layout-flex\">\n<div class=\"wp-block-button is-style-fill\"><a class=\"wp-block-button__link has-accent-background-color has-background wp-element-button\" href=\"https:\/\/tomartmusic.pl\/\" target=\"_blank\" rel=\"noreferrer noopener\">Nasz sklep<\/a><\/div>\n<\/div>\n<\/div><\/div>\n\n\n<ul class=\"wp-block-latest-posts__list has-dates wp-block-latest-posts has-normal-font-size\"><li><a class=\"wp-block-latest-posts__post-title\" href=\"http:\/\/muzeummuzyczne.pl\/?p=153\">Jarmark Wielkanocny<\/a><time datetime=\"2023-03-30T10:56:06+02:00\" class=\"wp-block-latest-posts__post-date\">2023-03-30<\/time><\/li>\n<li><a class=\"wp-block-latest-posts__post-title\" href=\"http:\/\/muzeummuzyczne.pl\/?p=150\">Miko\u0142ajki<\/a><time datetime=\"2022-12-06T10:19:00+01:00\" class=\"wp-block-latest-posts__post-date\">2022-12-06<\/time><\/li>\n<li><a class=\"wp-block-latest-posts__post-title\" href=\"http:\/\/muzeummuzyczne.pl\/?p=119\">&#8220;Pos\u0142uchaj, co w trawie piszczy&#8221; &#8211; Dzie\u0144 Otwarty<\/a><time datetime=\"2022-12-01T11:11:00+01:00\" class=\"wp-block-latest-posts__post-date\">2022-12-01<\/time><\/li>\n<\/ul>\n\n\n<div class=\"wp-block-columns alignwide is-layout-flex wp-container-core-columns-is-layout-9d6595d7 wp-block-columns-is-layout-flex\">\n<div class=\"wp-block-column is-layout-flow wp-block-column-is-layout-flow\">\n<div class=\"wp-block-group\"><div class=\"wp-block-group__inner-container is-layout-flow wp-block-group-is-layout-flow\">\n<p style=\"font-style:normal;font-weight:600\">Cele Fundacji &#8220;Muzeum Muzyczne w Radomiu&#8221;<\/p>\n\n\n\n<ol class=\"wp-block-list\">\n<li>Stworzenie i dzia\u0142alno\u015b\u0107 Muzeum Muzycznego w Radomiu \u2013 gromadzenie, renowacja i wystawy instrument\u00f3w muzycznych, sprz\u0119tu muzycznego i akcesori\u00f3w muzycznych.<\/li>\n\n\n\n<li>Pomoc materialna i niematerialna dla os\u00f3b uzdolnionych muzycznie maj\u0105ca na celu ich edukacj\u0119 i rozw\u00f3j w dziedzinie muzyki.<\/li>\n\n\n\n<li>Wspieranie wszechstronnego rozwoju i integracji spo\u0142ecze\u0144stwa, a zw\u0142aszcza podejmowanie inicjatyw w obszarach: kultury i sztuki, nauki, wizerunku osobistego, o\u015bwiaty, edukacji i wychowania, praw cz\u0142owieka, ochrony zdrowia, rozwoju regionalnego i lokalnego, w zakresie pomocy spo\u0142ecznej, dobroczynno\u015bci, kultury fizycznej i sportu oraz rozwoju osobistego<br><br><\/li>\n<\/ol>\n<\/div><\/div>\n\n\n\n<div class=\"wp-block-group\"><div class=\"wp-block-group__inner-container is-layout-flow wp-block-group-is-layout-flow\"><\/div><\/div>\n<\/div>\n\n\n\n<div class=\"wp-block-column is-layout-flow wp-block-column-is-layout-flow\">\n<div class=\"wp-block-group\"><div class=\"wp-block-group__inner-container is-layout-flow wp-block-group-is-layout-flow\">\n<div class=\"wp-block-buttons is-layout-flex wp-block-buttons-is-layout-flex\">\n<div class=\"wp-block-button\"><a class=\"wp-block-button__link wp-element-button\" href=\"http:\/\/muzeummuzyczne.pl\/?page_id=82\">Chc\u0119 wesprze\u0107<\/a><\/div>\n\n\n\n<div class=\"wp-block-button\"><a class=\"wp-block-button__link wp-element-button\" href=\"http:\/\/muzeummuzyczne.pl\/?page_id=92\">wspieraj\u0105 nas<\/a><\/div>\n<\/div>\n<\/div><\/div>\n\n\n\n<div class=\"wp-block-group\"><div class=\"wp-block-group__inner-container is-layout-flow wp-block-group-is-layout-flow\"><\/div><\/div>\n<\/div>\n<\/div>\n\n\n\n<div class=\"wp-block-group alignwide\"><div class=\"wp-block-group__inner-container is-layout-flow wp-block-group-is-layout-flow\"><\/div><\/div>\n","protected":false},"excerpt":{"rendered":"<p>Cele Fundacji &#8220;Muzeum Muzyczne w Radomiu&#8221;<\/p>\n","protected":false},"author":1,"featured_media":0,"parent":0,"menu_order":0,"comment_status":"closed","ping_status":"closed","template":"","meta":{"footnotes":""},"class_list":["post-9","page","type-page","status-publish","hentry"],"_links":{"self":[{"href":"http:\/\/muzeummuzyczne.pl\/index.php?rest_route=\/wp\/v2\/pages\/9","targetHints":{"allow":["GET"]}}],"collection":[{"href":"http:\/\/muzeummuzyczne.pl\/index.php?rest_route=\/wp\/v2\/pages"}],"about":[{"href":"http:\/\/muzeummuzyczne.pl\/index.php?rest_route=\/wp\/v2\/types\/page"}],"author":[{"embeddable":true,"href":"http:\/\/muzeummuzyczne.pl\/index.php?rest_route=\/wp\/v2\/users\/1"}],"replies":[{"embeddable":true,"href":"http:\/\/muzeummuzyczne.pl\/index.php?rest_route=%2Fwp%2Fv2%2Fcomments&post=9"}],"version-history":[{"count":26,"href":"http:\/\/muzeummuzyczne.pl\/index.php?rest_route=\/wp\/v2\/pages\/9\/revisions"}],"predecessor-version":[{"id":168,"href":"http:\/\/muzeummuzyczne.pl\/index.php?rest_route=\/wp\/v2\/pages\/9\/revisions\/168"}],"wp:attachment":[{"href":"http:\/\/muzeummuzyczne.pl\/index.php?rest_route=%2Fwp%2Fv2%2Fmedia&parent=9"}],"curies":[{"name":"wp","href":"https:\/\/api.w.org\/{rel}","templated":true}]}}

<div class="wp-block-group has-primary-color has-text-color"><div class="wp-block-group__inner-container is-layout-constrained wp-block-group-is-layout-constrained">
<div class="wp-block-buttons is-content-justification-center is-layout-flex wp-container-core-buttons-is-layout-16018d1d wp-block-buttons-is-layout-flex">
<div class="wp-block-button is-style-fill"><a class="wp-block-button__link has-accent-background-color has-background wp-element-button" href="https://tomartmusic.pl/" target="_blank" rel="noreferrer noopener">Nasz sklep</a></div>
</div>
</div></div>


<ul class="wp-block-latest-posts__list has-dates wp-block-latest-posts has-normal-font-size"><li><a class="wp-block-latest-posts__post-title" href="http://muzeummuzyczne.pl/?p=153">Jarmark Wielkanocny</a><time datetime="2023-03-30T10:56:06+02:00" class="wp-block-latest-posts__post-date">2023-03-30</time></li>
<li><a class="wp-block-latest-posts__post-title" href="http://muzeummuzyczne.pl/?p=150">Mikołajki</a><time datetime="2022-12-06T10:19:00+01:00" class="wp-block-latest-posts__post-date">2022-12-06</time></li>
<li><a class="wp-block-latest-posts__post-title" href="http://muzeummuzyczne.pl/?p=119">&#8220;Posłuchaj, co w trawie piszczy&#8221; &#8211; Dzień Otwarty</a><time datetime="2022-12-01T11:11:00+01:00" class="wp-block-latest-posts__post-date">2022-12-01</time></li>
</ul>


<div class="wp-block-columns alignwide is-layout-flex wp-container-core-columns-is-layout-9d6595d7 wp-block-columns-is-layout-flex">
<div class="wp-block-column is-layout-flow wp-block-column-is-layout-flow">
<div class="wp-block-group"><div class="wp-block-group__inner-container is-layout-flow wp-block-group-is-layout-flow">
<p style="font-style:normal;font-weight:600">Cele Fundacji &#8220;Muzeum Muzyczne w Radomiu&#8221;</p>



<ol class="wp-block-list">
<li>Stworzenie i działalność Muzeum Muzycznego w Radomiu – gromadzenie, renowacja i wystawy instrumentów muzycznych, sprzętu muzycznego i akcesoriów muzycznych.</li>



<li>Pomoc materialna i niematerialna dla osób uzdolnionych muzycznie mająca na celu ich edukację i rozwój w dziedzinie muzyki.</li>



<li>Wspieranie wszechstronnego rozwoju i integracji społeczeństwa, a zwłaszcza podejmowanie inicjatyw w obszarach: kultury i sztuki, nauki, wizerunku osobistego, oświaty, edukacji i wychowania, praw człowieka, ochrony zdrowia, rozwoju regionalnego i lokalnego, w zakresie pomocy społecznej, dobroczynności, kultury fizycznej i sportu oraz rozwoju osobistego<br><br></li>
</ol>
</div></div>



<div class="wp-block-group"><div class="wp-block-group__inner-container is-layout-flow wp-block-group-is-layout-flow"></div></div>
</div>



<div class="wp-block-column is-layout-flow wp-block-column-is-layout-flow">
<div class="wp-block-group"><div class="wp-block-group__inner-container is-layout-flow wp-block-group-is-layout-flow">
<div class="wp-block-buttons is-layout-flex wp-block-buttons-is-layout-flex">
<div class="wp-block-button"><a class="wp-block-button__link wp-element-button" href="http://muzeummuzyczne.pl/?page_id=82">Chcę wesprzeć</a></div>



<div class="wp-block-button"><a class="wp-block-button__link wp-element-button" href="http://muzeummuzyczne.pl/?page_id=92">wspierają nas</a></div>
</div>
</div></div>



<div class="wp-block-group"><div class="wp-block-group__inner-container is-layout-flow wp-block-group-is-layout-flow"></div></div>
</div>
</div>



<div class="wp-block-group alignwide"><div class="wp-block-group__inner-container is-layout-flow wp-block-group-is-layout-flow"></div></div>
